ainder when 144 is divided by a.
24
Let f(q) = q**3 - 6*q**2 + 7*q + 1. Calculate the remainder when 8/(-2) - (-51 + -5) is divided by f(5).
8
Let h = -1575 - -1588. Calculate the remainder when 45 is divided by h.
6
Suppose -7 = a - 28. Suppose -19 = x - 30. What is the remainder when a is divided by x?
10
Suppose 10 = 5*v, 3*x - 24 - 27 = -3*v. Calculate the remainder when ((-28)/20 - -2)/((-2)/(-90)) is divided by x.
12
Suppose -1548 = -18*r + 216. What is the remainder when 323 is divided by r?
29
Let i = 64 - 21. Let n(b) = 35*b - 12. What is the remainder when i is divided by n(1)?
20
Suppose 15*u - 258 = 1062. Calculate the remainder when u is divided by 40.
8
Let t(s) = -s**3 - 6*s**2 - 2*s. Let z be (4 + -6 - 6)/(-2). Suppose z*v = 8*v + 24. Calculate the remainder when t(v) is divided by 7.
5
Let h(u) = 19*u**2 + 3*u - 20. Let c be h(3). Let w = c - 82. Suppose 0 = 4*z - 27 - 81. What is the remainder when w is divided by z?
24
Let v(o) = -4*o - 47. Let g be v(-11). Let p = g + 41. What is the remainder when p is divided by 10?
8
Let c be 215/(-4) + 1/(-4). Let q be 70/(-8) + (-8)/32. Calculate the remainder when 109 is divided by 334/12 + q/c.
25
Suppose 0 = -3*j + 5*q + 170, -4*j - 3*q + 5*q + 222 = 0. What is the remainder when j is divided by 7?
6
Let n(y) = -2*y + 25. Let c be n(9). Suppose -24 = 5*x - c*x. What is the remainder when 37 is divided by x?
1
Suppose -3*v + 5 = -2*b, 2 = -2*b + v + 3. Suppose -a + 59 = 2*m + b*m, 2*a - 5*m = 157. Suppose 4*w + 43 = 139. Calculate the remainder when a is divided by w.
23
Suppose -2*v = -3*v + 4, 0 = 2*z - 3*v - 396. Suppose -5*l = l - z. Calculate the remainder when 65 is divided by l.
31
Let s(v) = -9*v + 32. Let m(z) = 18*z - 65. Let i(a) = -6*m(a) - 13*s(a). Calculate the remainder when i(6) is divided by 10.
8
Suppose -94*m + 3996 = 14*m. Let o(y) = y - 6*y + 6*y**2 + 3 - 3*y**2. Calculate the remainder when o(-4) is divided by m.
34
Let s = 103 - 82. Let l = -6 + s. Suppose 2*t + t - 12 = 0. Calculate the remainder when l is divided by t.
3
Let t = 682 + -632. What is the remainder when 138 is divided by t?
38
Suppose -5*o + 44 = -46. Let f = o - 6. Let j(r) = -2*r**3 - 3*r**2 + r - 2. Calculate the remainder when j(-3) is divided by f.
10
Suppose -d + 5 = 0, z + 8*d = 3*d + 58. Let w = z + -21. What is the remainder when 59 is divided by w?
11
Suppose 4*h - 3*m + 75 = 0, 4*m - 3 = -h + 2. Calculate the remainder when (-18)/(-10) - 3/h is divided by 5 + 1 + -3 + -2.
0
Suppose 4*l = 4*s - 72, -s + 3*l - l + 20 = 0. Let f = 19 + -13. What is the remainder when s is divided by f?
4
Suppose -3*s + 48 = 4*b, 0 = 7*s - 12*s. Calculate the remainder when 270 is divided by b.
6
Let m(a) = 4*a + 148. Calculate the remainder when 80 is divided by m(-30).
24
Let t be (-12)/(-15)*(-10)/(-4). Let n(a) = 2 + 1 + t + 8*a + 0 + 3*a**2. Calculate the remainder when n(-5) is divided by 14.
12
Let c(x) = -x**3 - 8*x**2 - 7*x + 3. Let a be c(-7). Suppose 2*o + 3*p = -42, -a*p = 12 - 0. Calculate the remainder when 20/(-6)*(o - 0) is divided by 17.
16
Let j(a) = -a**2 + 7*a + 20. Let z be j(9). Suppose 5*q - 6 = 19, q - 29 = -z*f. Calculate the remainder when 46 is divided by f.
10
Suppose 2*f + 35 + 3 = -h, 4*h = -4*f - 172. Let l = -44 - h. What is the remainder when 8 is divided by l?
0
Let q be ((-1)/(-3))/(6/(-72)). Suppose 5*u - 10 = -75. What is the remainder when 23 is divided by q - u - 3 - 0?
5
Let h = -215 + 164. Calculate the remainder when (-12)/(-102) - 2697/h is divided by 8.
5
Suppose 13*v - 6318 = -1638. What is the remainder when v is divided by 61?
55
Let j(p) = -p**3 + 8*p**2 + 9*p - 7. Suppose r + 3*r - 8 = -s, 4*r = 0. Calculate the remainder when j(s) is divided by 22.
21
Let b(q) = -4*q**3 + 6*q**2 - 9*q - 2. Let h(o) = -5*o**3 + 6*o**2 - 10*o - 2. Let y(f) = -6*b(f) + 5*h(f). Calculate the remainder when y(-7) is divided by 8.
7
Let w(p) = p**3 - 8*p**2 - 7*p. Calculate the remainder when 67 is divided by w(9).
13
Suppose k = -3*j + 81, -4*k - 4*j + 143 + 149 = 0. Suppose 16*z - 233 = 55. What is the remainder when k is divided by z?
15
Suppose -2*a + 14 = 16. Let z be -2 + a - (-1 + 2). What is the remainder when -1*4/(z/19) is divided by 7?
5
Suppose 0 = 322*x - 316*x - 282. Calculate the remainder when x is divided by 26.
21
Suppose f = 23 - 24, -3*r - 4*f = -662. What is the remainder when r is divided by 49?
26
Let m(w) = -w**3 + 16*w**2 + 17*w - 24. What is the remainder when m(15) is divided by 46?
42
Suppose -18*v = 21*v - 1170. Calculate the remainder when 88 is divided by v.
28
Suppose 15*z = 263 + 157. Calculate the remainder when 54 is divided by z.
26
Let d = -2 - -4. Suppose 82 + d = 12*q. Let b = 4 - -1. What is the remainder when q is divided by b?
2
Suppose -16*g = g - 765. Suppose 0 = 2*b + b - 267. What is the remainder when b is divided by g?
44
Let q(d) = 2*d**2 + 10*d - 4. Let j be (-30)/4 - (-3)/2. Let k be (-26)/39 - (-44)/j. Calculate the remainder when q(k) is divided by 15.
14
Let p(r) = -r + 5. Suppose 2*s + 3*s = 4*g - 202, -5*g + 242 = -s. Calculate the remainder when g is divided by p(-5).
8
Let y = -19 - -22. Suppose y*w + 12 = -0*w. What is the remainder when 35 is divided by (w - -22) + (0 - -1)?
16
Let o(a) = 2*a - 149. Let h(k) = -1. Let y(r) = 4*h(r) - o(r). Calculate the remainder when y(0) is divided by 21.
19
Suppose -31*a = -33*a - u + 204, -a + 102 = -2*u. Calculate the remainder when a is divided by 28.
18
Let j(l) = -l**3 + 4*l**2 + 10*l - 10. Let p be j(6). Let r = 27 + p. Let q = r - -15. Calculate the remainder when 77 is divided by q.
17
Suppose 0*o - 5*o - 135 = 0. Let b be 171/o*(0 + -21). Suppose 18 = -5*q + b. What is the remainder when 45 is divided by q?
22
Let q = -278 + 287. What is the remainder when q is divided by 5?
4
Let k(l) = 15*l**2 + 12*l - 1. Let y(t) = 3*t + 2. Calculate the remainder when k(-3) is divided by y(6).
18
Suppose 23*d = 22*d + 1. What is the remainder when 178 is divided by d?
0
Suppose -200 = -5*w - 2*c, 0 = -3*w + 2*c + 115 + 5. Suppose 3*o - 38 - w = 0. Suppose -2*t + o + 4 = 0. What is the remainder when 58 is divided by t?
13
Let l be 624/(-8) + 0/1. Let t = 116 + l. Suppose -4*u + 105 = u. Calculate the remainder when t is divided by u.
17
Let s = -68 - -156. Calculate the remainder when 175 is divided by s.
87
Suppose -21*y + 39*y = 44064. What is the remainder when y is divided by 19?
16
Let s = 1 + 2. Suppose 0 = 47*j - 39*j + 440. Let k = j - -65. What is the remainder when k is divided by s?
1
Suppose -23*j - 3*j = -19*j - 189. What is the remainder when 1/(2/96) - -1 is divided by j?
22
Suppose -4*x = -20, -2*u - 20*x + 16*x = -76. What is the remainder when u is divided by 17?
11
Suppose 0 = 3*l + 4*f - 26 - 41, -2*l + 56 = -3*f. Let o(u) = u**2 - 4*u + 8. Calculate the remainder when o(-6) is divided by l.
18
Suppose 4*i - 12 = 0, i - 2*i = 2*p - 291. Calculate the remainder when p is divided by 36.
0
Let j = -11 - -17. Suppose 5*q - 2*y = 31, -j*y + y + 38 = 4*q. Calculate the remainder when ((-1)/2)/((-3)/186) is divided by q.
3
Let b(y) = -2*y**2 + 60*y - 36. Calculate the remainder when b(29) is divided by 11.
0
What is the remainder when 69 is divided by (10/2 - -5) + 27?
32
Let i = 164 + -98. Let c be (2 - 0)/(2/51). Suppose 2*t - 51 = y - 4*y, -3*y - t = -c. Calculate the remainder when i is divided by y.
15
Let v(o) = o - 2. Let i = -1343 - -1370. Calculate the remainder when i is divided by v(6).
3
Suppose -7*p + 59 = b - 10*p, 3*b - 216 = -4*p. What is the remainder when 137 is divided by b?
1
Suppose 170 = 7*w - 348. Suppose 5*v - w = v + 3*j, 2 = j. Calculate the remainder when 44 is divided by v.
4
Let r be (-5)/25*-5 - -114. Suppose -g - 16 = -r. Calculate the remainder when g is divided by 20.
19
Let o = -13 - -11. Let j be o/(-2)*30/2. Let z = j - 0. Calculate the remainder when 42 is divided by z.
12
Let i = -2 + -1. What is the remainder when 2 + -73*i/3 is divided by (-283)/(-15) - 6/(-45)?
18
Let q(j) = 9*j**2 - 26*j + 55. Calculate the remainder when 122 is divided by q(2).
5
Let a = -50 + 93. Suppose -2*m + p + 34 = 0, -4*m - 4*p + a = -1. Calculate the remainder when 57 is divided by m.
12
Let f = -788 + 1029. Calculate the remainder when f is divided by 